{"id":2198,"date":"2022-11-28T22:27:22","date_gmt":"2022-11-28T19:27:22","guid":{"rendered":"http:\/\/www.goli.yapimasamasi.site\/yeni\/?page_id=2198"},"modified":"2022-12-02T00:22:50","modified_gmt":"2022-12-01T21:22:50","slug":"kariyer","status":"publish","type":"page","link":"https:\/\/www.goliteks.com\/index.php\/kariyer\/","title":{"rendered":"Kariyer"},"content":{"rendered":"\t\t<div data-elementor-type=\"wp-page\" data-elementor-id=\"2198\" class=\"elementor elementor-2198\" data-elementor-settings=\"[]\">\n\t\t\t\t\t\t\t<div class=\"elementor-section-wrap\">\n\t\t\t\t\t\t\t<section class=\"elementor-section elementor-top-section elementor-element elementor-element-ad40fe5 elementor-section-boxed elementor-section-height-default elementor-section-height-default\" data-id=\"ad40fe5\" data-element_type=\"section\">\n\t\t\t\t\t\t<div class=\"elementor-container elementor-column-gap-default\">\n\t\t\t\t\t<div class=\"elementor-column elementor-col-100 elementor-top-column elementor-element elementor-element-77f4ff3\" data-id=\"77f4ff3\" data-element_type=\"column\">\n\t\t\t<div class=\"elementor-widget-wrap elementor-element-populated\">\n\t\t\t\t\t\t\t\t<div class=\"elementor-element elementor-element-6269b97 elementor-widget-divider--view-line elementor-widget elementor-widget-divider\" data-id=\"6269b97\" data-element_type=\"widget\" data-widget_type=\"divider.default\">\n\t\t\t\t<div class=\"elementor-widget-container\">\n\t\t\t\t\t<div class=\"elementor-divider\">\n\t\t\t<span class=\"elementor-divider-separator\">\n\t\t\t\t\t\t<\/span>\n\t\t<\/div>\n\t\t\t\t<\/div>\n\t\t\t\t<\/div>\n\t\t\t\t\t<\/div>\n\t\t<\/div>\n\t\t\t\t\t\t\t<\/div>\n\t\t<\/section>\n\t\t\t\t<section class=\"elementor-section elementor-top-section elementor-element elementor-element-c29655e elementor-section-boxed elementor-section-height-default elementor-section-height-default\" data-id=\"c29655e\" data-element_type=\"section\">\n\t\t\t\t\t\t<div class=\"elementor-container elementor-column-gap-default\">\n\t\t\t\t\t<div class=\"elementor-column elementor-col-100 elementor-top-column elementor-element elementor-element-aa54ef0\" data-id=\"aa54ef0\" data-element_type=\"column\">\n\t\t\t<div class=\"elementor-widget-wrap elementor-element-populated\">\n\t\t\t\t\t\t\t\t<div class=\"elementor-element elementor-element-3fbb70a elementor-widget elementor-widget-heading\" data-id=\"3fbb70a\" data-element_type=\"widget\" data-widget_type=\"heading.default\">\n\t\t\t\t<div class=\"elementor-widget-container\">\n\t\t\t<h2 class=\"elementor-heading-title elementor-size-default\">Goliteks\u2019de Kariyer\n<\/h2>\t\t<\/div>\n\t\t\t\t<\/div>\n\t\t\t\t\t<\/div>\n\t\t<\/div>\n\t\t\t\t\t\t\t<\/div>\n\t\t<\/section>\n\t\t\t\t<section class=\"elementor-section elementor-top-section elementor-element elementor-element-1bf1daa elementor-section-full_width elementor-section-stretched elementor-section-height-default elementor-section-height-default\" data-id=\"1bf1daa\" data-element_type=\"section\" data-settings=\"{&quot;stretch_section&quot;:&quot;section-stretched&quot;,&quot;background_background&quot;:&quot;classic&quot;,&quot;shape_divider_top&quot;:&quot;mountains&quot;}\">\n\t\t\t\t\t<div class=\"elementor-shape elementor-shape-top\" data-negative=\"false\">\n\t\t\t<svg xmlns=\"http:\/\/www.w3.org\/2000\/svg\" viewBox=\"0 0 1000 100\" preserveAspectRatio=\"none\">\n\t<path class=\"elementor-shape-fill\" opacity=\"0.33\" d=\"M473,67.3c-203.9,88.3-263.1-34-320.3,0C66,119.1,0,59.7,0,59.7V0h1000v59.7 c0,0-62.1,26.1-94.9,29.3c-32.8,3.3-62.8-12.3-75.8-22.1C806,49.6,745.3,8.7,694.9,4.7S492.4,59,473,67.3z\"\/>\n\t<path class=\"elementor-shape-fill\" opacity=\"0.66\" d=\"M734,67.3c-45.5,0-77.2-23.2-129.1-39.1c-28.6-8.7-150.3-10.1-254,39.1 s-91.7-34.4-149.2,0C115.7,118.3,0,39.8,0,39.8V0h1000v36.5c0,0-28.2-18.5-92.1-18.5C810.2,18.1,775.7,67.3,734,67.3z\"\/>\n\t<path class=\"elementor-shape-fill\" d=\"M766.1,28.9c-200-57.5-266,65.5-395.1,19.5C242,1.8,242,5.4,184.8,20.6C128,35.8,132.3,44.9,89.9,52.5C28.6,63.7,0,0,0,0 h1000c0,0-9.9,40.9-83.6,48.1S829.6,47,766.1,28.9z\"\/>\n<\/svg>\t\t<\/div>\n\t\t\t\t\t<div class=\"elementor-container elementor-column-gap-default\">\n\t\t\t\t\t<div class=\"elementor-column elementor-col-100 elementor-top-column elementor-element elementor-element-60aa66d\" data-id=\"60aa66d\" data-element_type=\"column\">\n\t\t\t<div class=\"elementor-widget-wrap elementor-element-populated\">\n\t\t\t\t\t\t\t\t<div class=\"elementor-element elementor-element-e92e78e elementor-widget elementor-widget-spacer\" data-id=\"e92e78e\" data-element_type=\"widget\" data-widget_type=\"spacer.default\">\n\t\t\t\t<div class=\"elementor-widget-container\">\n\t\t\t\t\t<div class=\"elementor-spacer\">\n\t\t\t<div class=\"elementor-spacer-inner\"><\/div>\n\t\t<\/div>\n\t\t\t\t<\/div>\n\t\t\t\t<\/div>\n\t\t\t\t\t<\/div>\n\t\t<\/div>\n\t\t\t\t\t\t\t<\/div>\n\t\t<\/section>\n\t\t\t\t<section class=\"elementor-section elementor-top-section elementor-element elementor-element-f890268 elementor-section-stretched elementor-section-boxed elementor-section-height-default elementor-section-height-default\" data-id=\"f890268\" data-element_type=\"section\" data-settings=\"{&quot;stretch_section&quot;:&quot;section-stretched&quot;,&quot;background_background&quot;:&quot;classic&quot;}\">\n\t\t\t\t\t\t<div class=\"elementor-container elementor-column-gap-default\">\n\t\t\t\t\t<div class=\"elementor-column elementor-col-100 elementor-top-column elementor-element elementor-element-0a08de1\" data-id=\"0a08de1\" data-element_type=\"column\">\n\t\t\t<div class=\"elementor-widget-wrap elementor-element-populated\">\n\t\t\t\t\t\t\t\t<div class=\"elementor-element elementor-element-39da518 animated-slow elementor-invisible elementor-widget elementor-widget-image\" data-id=\"39da518\" data-element_type=\"widget\" data-settings=\"{&quot;_animation&quot;:&quot;zoomIn&quot;}\" data-widget_type=\"image.default\">\n\t\t\t\t<div class=\"elementor-widget-container\">\n\t\t\t\t\t\t\t\t\t\t\t\t\t\t\t<img loading=\"lazy\" decoding=\"async\" width=\"1024\" height=\"525\" src=\"https:\/\/www.goliteks.com\/wp-content\/uploads\/2022\/12\/goliteks-insan-kaynaklari-1024x525.png\" class=\"attachment-large size-large\" alt=\"\" srcset=\"https:\/\/www.goliteks.com\/wp-content\/uploads\/2022\/12\/goliteks-insan-kaynaklari-1024x525.png 1024w, https:\/\/www.goliteks.com\/wp-content\/uploads\/2022\/12\/goliteks-insan-kaynaklari-300x154.png 300w, https:\/\/www.goliteks.com\/wp-content\/uploads\/2022\/12\/goliteks-insan-kaynaklari-768x394.png 768w, https:\/\/www.goliteks.com\/wp-content\/uploads\/2022\/12\/goliteks-insan-kaynaklari.png 1250w\" sizes=\"auto, (max-width: 1024px) 100vw, 1024px\" \/>\t\t\t\t\t\t\t\t\t\t\t\t\t\t\t<\/div>\n\t\t\t\t<\/div>\n\t\t\t\t<div class=\"elementor-element elementor-element-1bb325a elementor-widget elementor-widget-text-editor\" data-id=\"1bb325a\" data-element_type=\"widget\" data-widget_type=\"text-editor.default\">\n\t\t\t\t<div class=\"elementor-widget-container\">\n\t\t\t\t\t\t\t\t\u00d6ncelikli olarak, t\u00fcm grup ihtiya\u00e7lar\u0131 i\u00e7in kendi i\u00e7imizden\nkaynaklar\u0131n de\u011ferlendirilmesi \u00fczerine oturtulmu\u015f bir politika izliyoruz.\t\t\t\t\t\t<\/div>\n\t\t\t\t<\/div>\n\t\t\t\t<div class=\"elementor-element elementor-element-f111419 elementor-widget elementor-widget-spacer\" data-id=\"f111419\" data-element_type=\"widget\" data-widget_type=\"spacer.default\">\n\t\t\t\t<div class=\"elementor-widget-container\">\n\t\t\t\t\t<div class=\"elementor-spacer\">\n\t\t\t<div class=\"elementor-spacer-inner\"><\/div>\n\t\t<\/div>\n\t\t\t\t<\/div>\n\t\t\t\t<\/div>\n\t\t\t\t\t<\/div>\n\t\t<\/div>\n\t\t\t\t\t\t\t<\/div>\n\t\t<\/section>\n\t\t\t\t<section class=\"elementor-section elementor-top-section elementor-element elementor-element-4ad44ee elementor-section-boxed elementor-section-height-default elementor-section-height-default\" data-id=\"4ad44ee\" data-element_type=\"section\">\n\t\t\t\t\t\t<div class=\"elementor-container elementor-column-gap-default\">\n\t\t\t\t\t<div class=\"elementor-column elementor-col-100 elementor-top-column elementor-element elementor-element-c20d79b\" data-id=\"c20d79b\" data-element_type=\"column\">\n\t\t\t<div class=\"elementor-widget-wrap elementor-element-populated\">\n\t\t\t\t\t\t\t\t<div class=\"elementor-element elementor-element-5ce1c9a elementor-widget elementor-widget-spacer\" data-id=\"5ce1c9a\" data-element_type=\"widget\" data-widget_type=\"spacer.default\">\n\t\t\t\t<div class=\"elementor-widget-container\">\n\t\t\t\t\t<div class=\"elementor-spacer\">\n\t\t\t<div class=\"elementor-spacer-inner\"><\/div>\n\t\t<\/div>\n\t\t\t\t<\/div>\n\t\t\t\t<\/div>\n\t\t\t\t\t<\/div>\n\t\t<\/div>\n\t\t\t\t\t\t\t<\/div>\n\t\t<\/section>\n\t\t\t\t<section class=\"elementor-section elementor-top-section elementor-element elementor-element-76282e5 elementor-section-boxed elementor-section-height-default elementor-section-height-default\" data-id=\"76282e5\" data-element_type=\"section\">\n\t\t\t\t\t\t<div class=\"elementor-container elementor-column-gap-default\">\n\t\t\t\t\t<div class=\"elementor-column elementor-col-50 elementor-top-column elementor-element elementor-element-e394e8f\" data-id=\"e394e8f\" data-element_type=\"column\">\n\t\t\t<div class=\"elementor-widget-wrap elementor-element-populated\">\n\t\t\t\t\t\t\t\t<div class=\"elementor-element elementor-element-c8c8929 elementor-widget elementor-widget-text-editor\" data-id=\"c8c8929\" data-element_type=\"widget\" data-widget_type=\"text-editor.default\">\n\t\t\t\t<div class=\"elementor-widget-container\">\n\t\t\t\t\t\t\t\t<p>\u0130\u015fe al\u0131m ve kariyer y\u00f6netimi s\u00fcre\u00e7lerimiz i\u00e7in ihtiyac\u0131m\u0131z olan insan kayna\u011f\u0131n\u0131 kendi i\u00e7imizden \u00e7\u0131karmak ve grup \u015firketleri aras\u0131 ge\u00e7i\u015f s\u00fcre\u00e7lerimizi de bir kariyer yolu olarak \u00e7al\u0131\u015fanlar\u0131m\u0131za sunabilmek ad\u0131na, se\u00e7me ve yerle\u015ftirme a\u015famas\u0131nda \u0130\u00e7imizden GOL\u0130CHEM adl\u0131 projemizi hayata ge\u00e7irdik. Bu sayede, \u015firketlerimizin kendi a\u00e7\u0131k pozisyon ihtiya\u00e7lar\u0131n\u0131, t\u00fcm \u00e7al\u0131\u015fanlar\u0131m\u0131z\u0131n g\u00f6r\u00fcnt\u00fcleyip ba\u015fvuru yapabilece\u011fi bu platformda duyurarak \u2018\u015feffafl\u0131k\u2019 de\u011ferimizi daha \u00e7ok ya\u015fatabiliyoruz.<\/p><p>\u015eirketlerimiz aras\u0131nda sinerji ve i\u015fbirli\u011fini art\u0131rarak, hep beraber daha g\u00fc\u00e7l\u00fc oldu\u011fumuzu hissediyoruz.<\/p>\t\t\t\t\t\t<\/div>\n\t\t\t\t<\/div>\n\t\t\t\t\t<\/div>\n\t\t<\/div>\n\t\t\t\t<div class=\"elementor-column elementor-col-50 elementor-top-column elementor-element elementor-element-be6c765\" data-id=\"be6c765\" data-element_type=\"column\">\n\t\t\t<div class=\"elementor-widget-wrap elementor-element-populated\">\n\t\t\t\t\t\t\t\t<div class=\"elementor-element elementor-element-602c0e7 elementor-widget elementor-widget-text-editor\" data-id=\"602c0e7\" data-element_type=\"widget\" data-widget_type=\"text-editor.default\">\n\t\t\t\t<div class=\"elementor-widget-container\">\n\t\t\t\t\t\t\t\t<p>\u0130htiyac\u0131m\u0131z olan insan kayna\u011f\u0131n\u0131 kendi i\u00e7imizden \u00e7\u0131karamad\u0131\u011f\u0131m\u0131z durumda, d\u0131\u015f adaylar ile s\u00fcrece devam ediyoruz. Se\u00e7me ve yerle\u015ftirme s\u00fcrecinde y\u00fcz y\u00fcze m\u00fclakat, ki\u015filik envanteri, \u0130ngilizce s\u0131nav\u0131 (gerekli roller i\u00e7in) ve De\u011ferlendirme Merkezi uygulamalar\u0131na (gerekli roller i\u00e7in) ba\u015fvuruyoruz.<\/p><p>Ki\u015finin performans\u0131, geli\u015fim s\u00fcreci ya da yap\u0131lan analizler sonucunda \u00e7\u0131kan t\u00fcm ihtiya\u00e7lara parallel olarak:<\/p><p>Ki\u015fisel Geli\u015fim<br \/>Y\u00f6netsel Beceri<br \/>Mesleki Beceri<br \/>kapsam\u0131nda verilen e\u011fitimler \u015fekilleniyor ve bu sayede \u00e7al\u0131\u015fanlar\u0131m\u0131z\u0131n kariyerine sa\u011flanan katk\u0131n\u0131n art\u0131r\u0131lmas\u0131n\u0131 hedefliyoruz.<\/p>\t\t\t\t\t\t<\/div>\n\t\t\t\t<\/div>\n\t\t\t\t\t<\/div>\n\t\t<\/div>\n\t\t\t\t\t\t\t<\/div>\n\t\t<\/section>\n\t\t\t\t<section class=\"elementor-section elementor-top-section elementor-element elementor-element-93e3153 elementor-section-boxed elementor-section-height-default elementor-section-height-default\" data-id=\"93e3153\" data-element_type=\"section\">\n\t\t\t\t\t\t<div class=\"elementor-container elementor-column-gap-default\">\n\t\t\t\t\t<div class=\"elementor-column elementor-col-100 elementor-top-column elementor-element elementor-element-492bcfb\" data-id=\"492bcfb\" data-element_type=\"column\">\n\t\t\t<div class=\"elementor-widget-wrap elementor-element-populated\">\n\t\t\t\t\t\t\t\t<div class=\"elementor-element elementor-element-307b79d elementor-widget elementor-widget-image\" data-id=\"307b79d\" data-element_type=\"widget\" data-widget_type=\"image.default\">\n\t\t\t\t<div class=\"elementor-widget-container\">\n\t\t\t\t\t\t\t\t\t\t\t\t\t\t\t<img loading=\"lazy\" decoding=\"async\" width=\"847\" height=\"330\" src=\"https:\/\/www.goliteks.com\/wp-content\/uploads\/2022\/12\/kariyer.jpg\" class=\"attachment-large size-large\" alt=\"\" srcset=\"https:\/\/www.goliteks.com\/wp-content\/uploads\/2022\/12\/kariyer.jpg 847w, https:\/\/www.goliteks.com\/wp-content\/uploads\/2022\/12\/kariyer-300x117.jpg 300w, https:\/\/www.goliteks.com\/wp-content\/uploads\/2022\/12\/kariyer-768x299.jpg 768w\" sizes=\"auto, (max-width: 847px) 100vw, 847px\" \/>\t\t\t\t\t\t\t\t\t\t\t\t\t\t\t<\/div>\n\t\t\t\t<\/div>\n\t\t\t\t\t<\/div>\n\t\t<\/div>\n\t\t\t\t\t\t\t<\/div>\n\t\t<\/section>\n\t\t\t\t\t\t<\/div>\n\t\t\t\t\t<\/div>\n\t\t","protected":false},"excerpt":{"rendered":"<p>Goliteks\u2019de Kariyer \u00d6ncelikli olarak, t\u00fcm grup ihtiya\u00e7lar\u0131 i\u00e7in kendi i\u00e7imizden kaynaklar\u0131n de\u011ferlendirilmesi \u00fczerine oturtulmu\u015f bir politika izliyoruz. \u0130\u015fe al\u0131m ve kariyer y\u00f6netimi s\u00fcre\u00e7lerimiz i\u00e7in ihtiyac\u0131m\u0131z olan insan kayna\u011f\u0131n\u0131 kendi i\u00e7imizden \u00e7\u0131karmak ve grup \u015firketleri aras\u0131 ge\u00e7i\u015f s\u00fcre\u00e7lerimizi de bir kariyer yolu olarak \u00e7al\u0131\u015fanlar\u0131m\u0131za sunabilmek ad\u0131na, se\u00e7me ve yerle\u015ftirme a\u015famas\u0131nda \u0130\u00e7imizden GOL\u0130CHEM adl\u0131 projemizi hayata ge\u00e7irdik. [&hellip;]<\/p>\n","protected":false},"author":1,"featured_media":0,"parent":0,"menu_order":0,"comment_status":"closed","ping_status":"closed","template":"","meta":{"footnotes":""},"class_list":["post-2198","page","type-page","status-publish","hentry","entry"],"yoast_head":"<!-- This site is optimized with the Yoast SEO plugin v16.8 - https:\/\/yoast.com\/wordpress\/plugins\/seo\/ -->\n<title>Kariyer - Goliteks<\/title>\n<meta name=\"robots\" content=\"index, follow, max-snippet:-1, max-image-preview:large, max-video-preview:-1\" \/>\n<link rel=\"canonical\" href=\"https:\/\/www.goliteks.com\/index.php\/kariyer\/\" \/>\n<meta property=\"og:locale\" content=\"tr_TR\" \/>\n<meta property=\"og:type\" content=\"article\" \/>\n<meta property=\"og:title\" content=\"Kariyer - Goliteks\" \/>\n<meta property=\"og:description\" content=\"Goliteks\u2019de Kariyer \u00d6ncelikli olarak, t\u00fcm grup ihtiya\u00e7lar\u0131 i\u00e7in kendi i\u00e7imizden kaynaklar\u0131n de\u011ferlendirilmesi \u00fczerine oturtulmu\u015f bir politika izliyoruz. \u0130\u015fe al\u0131m ve kariyer y\u00f6netimi s\u00fcre\u00e7lerimiz i\u00e7in ihtiyac\u0131m\u0131z olan insan kayna\u011f\u0131n\u0131 kendi i\u00e7imizden \u00e7\u0131karmak ve grup \u015firketleri aras\u0131 ge\u00e7i\u015f s\u00fcre\u00e7lerimizi de bir kariyer yolu olarak \u00e7al\u0131\u015fanlar\u0131m\u0131za sunabilmek ad\u0131na, se\u00e7me ve yerle\u015ftirme a\u015famas\u0131nda \u0130\u00e7imizden GOL\u0130CHEM adl\u0131 projemizi hayata ge\u00e7irdik. [&hellip;]\" \/>\n<meta property=\"og:url\" content=\"https:\/\/www.goliteks.com\/index.php\/kariyer\/\" \/>\n<meta property=\"og:site_name\" content=\"Goliteks\" \/>\n<meta property=\"article:modified_time\" content=\"2022-12-01T21:22:50+00:00\" \/>\n<meta property=\"og:image\" content=\"http:\/\/www.goli.yapimasamasi.site\/yeni\/wp-content\/uploads\/2022\/12\/goliteks-insan-kaynaklari-1024x525.png\" \/>\n<meta name=\"twitter:card\" content=\"summary_large_image\" \/>\n<meta name=\"twitter:label1\" content=\"Tahmini okuma s\u00fcresi\" \/>\n\t<meta name=\"twitter:data1\" content=\"2 dakika\" \/>\n<script type=\"application\/ld+json\" class=\"yoast-schema-graph\">{\"@context\":\"https:\/\/schema.org\",\"@graph\":[{\"@type\":\"WebSite\",\"@id\":\"http:\/\/www.goliteks.com\/#website\",\"url\":\"http:\/\/www.goliteks.com\/\",\"name\":\"Goliteks\",\"description\":\"Goliteks\",\"potentialAction\":[{\"@type\":\"SearchAction\",\"target\":{\"@type\":\"EntryPoint\",\"urlTemplate\":\"http:\/\/www.goliteks.com\/?s={search_term_string}\"},\"query-input\":\"required name=search_term_string\"}],\"inLanguage\":\"tr\"},{\"@type\":\"ImageObject\",\"@id\":\"https:\/\/www.goliteks.com\/index.php\/kariyer\/#primaryimage\",\"inLanguage\":\"tr\",\"url\":\"http:\/\/www.goli.yapimasamasi.site\/yeni\/wp-content\/uploads\/2022\/12\/goliteks-insan-kaynaklari-1024x525.png\",\"contentUrl\":\"http:\/\/www.goli.yapimasamasi.site\/yeni\/wp-content\/uploads\/2022\/12\/goliteks-insan-kaynaklari-1024x525.png\"},{\"@type\":\"WebPage\",\"@id\":\"https:\/\/www.goliteks.com\/index.php\/kariyer\/#webpage\",\"url\":\"https:\/\/www.goliteks.com\/index.php\/kariyer\/\",\"name\":\"Kariyer - Goliteks\",\"isPartOf\":{\"@id\":\"http:\/\/www.goliteks.com\/#website\"},\"primaryImageOfPage\":{\"@id\":\"https:\/\/www.goliteks.com\/index.php\/kariyer\/#primaryimage\"},\"datePublished\":\"2022-11-28T19:27:22+00:00\",\"dateModified\":\"2022-12-01T21:22:50+00:00\",\"breadcrumb\":{\"@id\":\"https:\/\/www.goliteks.com\/index.php\/kariyer\/#breadcrumb\"},\"inLanguage\":\"tr\",\"potentialAction\":[{\"@type\":\"ReadAction\",\"target\":[\"https:\/\/www.goliteks.com\/index.php\/kariyer\/\"]}]},{\"@type\":\"BreadcrumbList\",\"@id\":\"https:\/\/www.goliteks.com\/index.php\/kariyer\/#breadcrumb\",\"itemListElement\":[{\"@type\":\"ListItem\",\"position\":1,\"name\":\"Anasayfa\",\"item\":\"http:\/\/www.goliteks.com\/\"},{\"@type\":\"ListItem\",\"position\":2,\"name\":\"Kariyer\"}]}]}<\/script>\n<!-- \/ Yoast SEO plugin. -->","yoast_head_json":{"title":"Kariyer - Goliteks","robots":{"index":"index","follow":"follow","max-snippet":"max-snippet:-1","max-image-preview":"max-image-preview:large","max-video-preview":"max-video-preview:-1"},"canonical":"https:\/\/www.goliteks.com\/index.php\/kariyer\/","og_locale":"tr_TR","og_type":"article","og_title":"Kariyer - Goliteks","og_description":"Goliteks\u2019de Kariyer \u00d6ncelikli olarak, t\u00fcm grup ihtiya\u00e7lar\u0131 i\u00e7in kendi i\u00e7imizden kaynaklar\u0131n de\u011ferlendirilmesi \u00fczerine oturtulmu\u015f bir politika izliyoruz. \u0130\u015fe al\u0131m ve kariyer y\u00f6netimi s\u00fcre\u00e7lerimiz i\u00e7in ihtiyac\u0131m\u0131z olan insan kayna\u011f\u0131n\u0131 kendi i\u00e7imizden \u00e7\u0131karmak ve grup \u015firketleri aras\u0131 ge\u00e7i\u015f s\u00fcre\u00e7lerimizi de bir kariyer yolu olarak \u00e7al\u0131\u015fanlar\u0131m\u0131za sunabilmek ad\u0131na, se\u00e7me ve yerle\u015ftirme a\u015famas\u0131nda \u0130\u00e7imizden GOL\u0130CHEM adl\u0131 projemizi hayata ge\u00e7irdik. [&hellip;]","og_url":"https:\/\/www.goliteks.com\/index.php\/kariyer\/","og_site_name":"Goliteks","article_modified_time":"2022-12-01T21:22:50+00:00","og_image":[{"url":"http:\/\/www.goli.yapimasamasi.site\/yeni\/wp-content\/uploads\/2022\/12\/goliteks-insan-kaynaklari-1024x525.png"}],"twitter_card":"summary_large_image","twitter_misc":{"Tahmini okuma s\u00fcresi":"2 dakika"},"schema":{"@context":"https:\/\/schema.org","@graph":[{"@type":"WebSite","@id":"http:\/\/www.goliteks.com\/#website","url":"http:\/\/www.goliteks.com\/","name":"Goliteks","description":"Goliteks","potentialAction":[{"@type":"SearchAction","target":{"@type":"EntryPoint","urlTemplate":"http:\/\/www.goliteks.com\/?s={search_term_string}"},"query-input":"required name=search_term_string"}],"inLanguage":"tr"},{"@type":"ImageObject","@id":"https:\/\/www.goliteks.com\/index.php\/kariyer\/#primaryimage","inLanguage":"tr","url":"http:\/\/www.goli.yapimasamasi.site\/yeni\/wp-content\/uploads\/2022\/12\/goliteks-insan-kaynaklari-1024x525.png","contentUrl":"http:\/\/www.goli.yapimasamasi.site\/yeni\/wp-content\/uploads\/2022\/12\/goliteks-insan-kaynaklari-1024x525.png"},{"@type":"WebPage","@id":"https:\/\/www.goliteks.com\/index.php\/kariyer\/#webpage","url":"https:\/\/www.goliteks.com\/index.php\/kariyer\/","name":"Kariyer - Goliteks","isPartOf":{"@id":"http:\/\/www.goliteks.com\/#website"},"primaryImageOfPage":{"@id":"https:\/\/www.goliteks.com\/index.php\/kariyer\/#primaryimage"},"datePublished":"2022-11-28T19:27:22+00:00","dateModified":"2022-12-01T21:22:50+00:00","breadcrumb":{"@id":"https:\/\/www.goliteks.com\/index.php\/kariyer\/#breadcrumb"},"inLanguage":"tr","potentialAction":[{"@type":"ReadAction","target":["https:\/\/www.goliteks.com\/index.php\/kariyer\/"]}]},{"@type":"BreadcrumbList","@id":"https:\/\/www.goliteks.com\/index.php\/kariyer\/#breadcrumb","itemListElement":[{"@type":"ListItem","position":1,"name":"Anasayfa","item":"http:\/\/www.goliteks.com\/"},{"@type":"ListItem","position":2,"name":"Kariyer"}]}]}},"_links":{"self":[{"href":"https:\/\/www.goliteks.com\/index.php\/wp-json\/wp\/v2\/pages\/2198","targetHints":{"allow":["GET"]}}],"collection":[{"href":"https:\/\/www.goliteks.com\/index.php\/wp-json\/wp\/v2\/pages"}],"about":[{"href":"https:\/\/www.goliteks.com\/index.php\/wp-json\/wp\/v2\/types\/page"}],"author":[{"embeddable":true,"href":"https:\/\/www.goliteks.com\/index.php\/wp-json\/wp\/v2\/users\/1"}],"replies":[{"embeddable":true,"href":"https:\/\/www.goliteks.com\/index.php\/wp-json\/wp\/v2\/comments?post=2198"}],"version-history":[{"count":32,"href":"https:\/\/www.goliteks.com\/index.php\/wp-json\/wp\/v2\/pages\/2198\/revisions"}],"predecessor-version":[{"id":2929,"href":"https:\/\/www.goliteks.com\/index.php\/wp-json\/wp\/v2\/pages\/2198\/revisions\/2929"}],"wp:attachment":[{"href":"https:\/\/www.goliteks.com\/index.php\/wp-json\/wp\/v2\/media?parent=2198"}],"curies":[{"name":"wp","href":"https:\/\/api.w.org\/{rel}","templated":true}]}}