{"id":2389,"date":"2022-11-29T23:31:30","date_gmt":"2022-11-29T20:31:30","guid":{"rendered":"http:\/\/www.goli.yapimasamasi.site\/yeni\/?page_id=2389"},"modified":"2022-12-06T14:54:30","modified_gmt":"2022-12-06T11:54:30","slug":"kaucuk-accelerator-kaucuk-hizlandirici-ve-pisiriciler","status":"publish","type":"page","link":"https:\/\/www.goliteks.com\/index.php\/kaucuk-accelerator-kaucuk-hizlandirici-ve-pisiriciler\/","title":{"rendered":"Kau\u00e7uk Accelerator ( Kau\u00e7uk H\u0131zland\u0131r\u0131c\u0131 ve Pi\u015firiciler )"},"content":{"rendered":"\t\t<div data-elementor-type=\"wp-page\" data-elementor-id=\"2389\" class=\"elementor elementor-2389\" data-elementor-settings=\"[]\">\n\t\t\t\t\t\t\t<div class=\"elementor-section-wrap\">\n\t\t\t\t\t\t\t<section class=\"elementor-section elementor-top-section elementor-element elementor-element-5a3d545 elementor-section-boxed elementor-section-height-default elementor-section-height-default\" data-id=\"5a3d545\" data-element_type=\"section\">\n\t\t\t\t\t\t<div class=\"elementor-container elementor-column-gap-default\">\n\t\t\t\t\t<div class=\"elementor-column elementor-col-50 elementor-top-column elementor-element elementor-element-a3e1413\" data-id=\"a3e1413\" data-element_type=\"column\">\n\t\t\t<div class=\"elementor-widget-wrap elementor-element-populated\">\n\t\t\t\t\t\t\t\t<div class=\"elementor-element elementor-element-820d2d8 elementor-widget elementor-widget-image\" data-id=\"820d2d8\" data-element_type=\"widget\" data-widget_type=\"image.default\">\n\t\t\t\t<div class=\"elementor-widget-container\">\n\t\t\t\t\t\t\t\t\t\t\t\t\t\t\t<img loading=\"lazy\" decoding=\"async\" width=\"500\" height=\"500\" src=\"https:\/\/www.goliteks.com\/wp-content\/uploads\/2022\/11\/1-13.jpg\" class=\"attachment-large size-large\" alt=\"\" srcset=\"https:\/\/www.goliteks.com\/wp-content\/uploads\/2022\/11\/1-13.jpg 500w, https:\/\/www.goliteks.com\/wp-content\/uploads\/2022\/11\/1-13-300x300.jpg 300w, https:\/\/www.goliteks.com\/wp-content\/uploads\/2022\/11\/1-13-150x150.jpg 150w\" sizes=\"auto, (max-width: 500px) 100vw, 500px\" \/>\t\t\t\t\t\t\t\t\t\t\t\t\t\t\t<\/div>\n\t\t\t\t<\/div>\n\t\t\t\t<section class=\"elementor-section elementor-inner-section elementor-element elementor-element-1675328 elementor-section-boxed elementor-section-height-default elementor-section-height-default\" data-id=\"1675328\" data-element_type=\"section\">\n\t\t\t\t\t\t<div class=\"elementor-container elementor-column-gap-default\">\n\t\t\t\t\t<div class=\"elementor-column elementor-col-20 elementor-inner-column elementor-element elementor-element-6506b4f\" data-id=\"6506b4f\" data-element_type=\"column\">\n\t\t\t<div class=\"elementor-widget-wrap elementor-element-populated\">\n\t\t\t\t\t\t\t\t<div class=\"elementor-element elementor-element-8632b0d elementor-widget elementor-widget-image\" data-id=\"8632b0d\" data-element_type=\"widget\" data-widget_type=\"image.default\">\n\t\t\t\t<div class=\"elementor-widget-container\">\n\t\t\t\t\t\t\t\t\t\t\t\t\t\t\t\t<a href=\"http:\/\/www.goli.yapimasamasi.site\/yeni\/wp-content\/uploads\/2022\/11\/2-8.jpg\" data-elementor-open-lightbox=\"yes\" data-elementor-lightbox-title=\"GOL\u0130TEKS.FH11\">\n\t\t\t\t\t\t\t<img loading=\"lazy\" decoding=\"async\" width=\"500\" height=\"500\" src=\"https:\/\/www.goliteks.com\/wp-content\/uploads\/2022\/11\/2-8.jpg\" class=\"attachment-large size-large\" alt=\"\" srcset=\"https:\/\/www.goliteks.com\/wp-content\/uploads\/2022\/11\/2-8.jpg 500w, https:\/\/www.goliteks.com\/wp-content\/uploads\/2022\/11\/2-8-300x300.jpg 300w, https:\/\/www.goliteks.com\/wp-content\/uploads\/2022\/11\/2-8-150x150.jpg 150w\" sizes=\"auto, (max-width: 500px) 100vw, 500px\" \/>\t\t\t\t\t\t\t\t<\/a>\n\t\t\t\t\t\t\t\t\t\t\t\t\t\t\t<\/div>\n\t\t\t\t<\/div>\n\t\t\t\t\t<\/div>\n\t\t<\/div>\n\t\t\t\t<div class=\"elementor-column elementor-col-20 elementor-inner-column elementor-element elementor-element-dc1c6f5\" data-id=\"dc1c6f5\" data-element_type=\"column\">\n\t\t\t<div class=\"elementor-widget-wrap\">\n\t\t\t\t\t\t\t\t\t<\/div>\n\t\t<\/div>\n\t\t\t\t<div class=\"elementor-column elementor-col-20 elementor-inner-column elementor-element elementor-element-51a2801\" data-id=\"51a2801\" data-element_type=\"column\">\n\t\t\t<div class=\"elementor-widget-wrap\">\n\t\t\t\t\t\t\t\t\t<\/div>\n\t\t<\/div>\n\t\t\t\t<div class=\"elementor-column elementor-col-20 elementor-inner-column elementor-element elementor-element-2d4a680\" data-id=\"2d4a680\" data-element_type=\"column\">\n\t\t\t<div class=\"elementor-widget-wrap\">\n\t\t\t\t\t\t\t\t\t<\/div>\n\t\t<\/div>\n\t\t\t\t<div class=\"elementor-column elementor-col-20 elementor-inner-column elementor-element elementor-element-e473eb9\" data-id=\"e473eb9\" data-element_type=\"column\">\n\t\t\t<div class=\"elementor-widget-wrap\">\n\t\t\t\t\t\t\t\t\t<\/div>\n\t\t<\/div>\n\t\t\t\t\t\t\t<\/div>\n\t\t<\/section>\n\t\t\t\t\t<\/div>\n\t\t<\/div>\n\t\t\t\t<div class=\"elementor-column elementor-col-50 elementor-top-column elementor-element elementor-element-e53ae83\" data-id=\"e53ae83\" data-element_type=\"column\">\n\t\t\t<div class=\"elementor-widget-wrap elementor-element-populated\">\n\t\t\t\t\t\t\t\t<div class=\"elementor-element elementor-element-19c5bac elementor-widget elementor-widget-heading\" data-id=\"19c5bac\" data-element_type=\"widget\" data-widget_type=\"heading.default\">\n\t\t\t\t<div class=\"elementor-widget-container\">\n\t\t\t<h2 class=\"elementor-heading-title elementor-size-default\">Kau\u00e7uk Accelerator ( Kau\u00e7uk H\u0131zland\u0131r\u0131c\u0131 ve Pi\u015firiciler )<\/h2>\t\t<\/div>\n\t\t\t\t<\/div>\n\t\t\t\t<div class=\"elementor-element elementor-element-d70329c elementor-widget elementor-widget-text-editor\" data-id=\"d70329c\" data-element_type=\"widget\" data-widget_type=\"text-editor.default\">\n\t\t\t\t<div class=\"elementor-widget-container\">\n\t\t\t\t\t\t\t\t<p><br \/><br \/>Kau\u00e7uk hamur \u00fcretiminde hamurun tam zaman\u0131nda k\u0131vam almas\u0131n\u0131 ve \u00fcretimde fireyi \u00f6nleyici kaliteli \u00fcr\u00fcnlerimizle kau\u00e7uk sekt\u00f6r\u00fcnde hizmet vermekteyiz.<\/p>\t\t\t\t\t\t<\/div>\n\t\t\t\t<\/div>\n\t\t\t\t<div class=\"elementor-element elementor-element-2b176a0 elementor-widget elementor-widget-htmega-button-addons\" data-id=\"2b176a0\" data-element_type=\"widget\" data-widget_type=\"htmega-button-addons.default\">\n\t\t\t\t<div class=\"elementor-widget-container\">\n\t\t\t<div class=\"htmega-button htmega-btn-style-1 htmega-btn-shadow-0\"><a href=\"#\" class=\"htb-btn htmega-btn-size-md htmega-btn-effect-1\">Sipari\u015f ver<\/a><\/div>\t\t<\/div>\n\t\t\t\t<\/div>\n\t\t\t\t\t<\/div>\n\t\t<\/div>\n\t\t\t\t\t\t\t<\/div>\n\t\t<\/section>\n\t\t\t\t<section class=\"elementor-section elementor-top-section elementor-element elementor-element-f8d3e7c elementor-section-stretched elementor-section-boxed elementor-section-height-default elementor-section-height-default\" data-id=\"f8d3e7c\" data-element_type=\"section\" data-settings=\"{&quot;stretch_section&quot;:&quot;section-stretched&quot;,&quot;background_background&quot;:&quot;classic&quot;}\">\n\t\t\t\t\t\t<div class=\"elementor-container elementor-column-gap-default\">\n\t\t\t\t\t<div class=\"elementor-column elementor-col-100 elementor-top-column elementor-element elementor-element-fcbe109\" data-id=\"fcbe109\" data-element_type=\"column\">\n\t\t\t<div class=\"elementor-widget-wrap elementor-element-populated\">\n\t\t\t\t\t\t\t\t<div class=\"elementor-element elementor-element-4df7933 elementor-widget elementor-widget-spacer\" data-id=\"4df7933\" data-element_type=\"widget\" data-widget_type=\"spacer.default\">\n\t\t\t\t<div class=\"elementor-widget-container\">\n\t\t\t\t\t<div class=\"elementor-spacer\">\n\t\t\t<div class=\"elementor-spacer-inner\"><\/div>\n\t\t<\/div>\n\t\t\t\t<\/div>\n\t\t\t\t<\/div>\n\t\t\t\t<div class=\"elementor-element elementor-element-508589c elementor-widget elementor-widget-heading\" data-id=\"508589c\" data-element_type=\"widget\" data-widget_type=\"heading.default\">\n\t\t\t\t<div class=\"elementor-widget-container\">\n\t\t\t<h2 class=\"elementor-heading-title elementor-size-default\">Di\u011fer \u00dcr\u00fcnler<\/h2>\t\t<\/div>\n\t\t\t\t<\/div>\n\t\t\t\t\t<\/div>\n\t\t<\/div>\n\t\t\t\t\t\t\t<\/div>\n\t\t<\/section>\n\t\t\t\t<section class=\"elementor-section elementor-top-section elementor-element elementor-element-cd35b2f elementor-section-stretched elementor-section-boxed elementor-section-height-default elementor-section-height-default\" data-id=\"cd35b2f\" data-element_type=\"section\" data-settings=\"{&quot;stretch_section&quot;:&quot;section-stretched&quot;,&quot;background_background&quot;:&quot;classic&quot;}\">\n\t\t\t\t\t\t<div class=\"elementor-container elementor-column-gap-default\">\n\t\t\t\t\t<div class=\"elementor-column elementor-col-25 elementor-top-column elementor-element elementor-element-32ddb5b\" data-id=\"32ddb5b\" data-element_type=\"column\">\n\t\t\t<div class=\"elementor-widget-wrap elementor-element-populated\">\n\t\t\t\t\t\t\t\t<div class=\"elementor-element elementor-element-f23e051 elementor-widget elementor-widget-image\" data-id=\"f23e051\" data-element_type=\"widget\" data-widget_type=\"image.default\">\n\t\t\t\t<div class=\"elementor-widget-container\">\n\t\t\t\t\t\t\t\t\t\t\t\t\t\t\t<img loading=\"lazy\" decoding=\"async\" width=\"500\" height=\"500\" src=\"https:\/\/www.goliteks.com\/wp-content\/uploads\/2022\/11\/1.jpg\" class=\"attachment-large size-large\" alt=\"\" srcset=\"https:\/\/www.goliteks.com\/wp-content\/uploads\/2022\/11\/1.jpg 500w, https:\/\/www.goliteks.com\/wp-content\/uploads\/2022\/11\/1-300x300.jpg 300w, https:\/\/www.goliteks.com\/wp-content\/uploads\/2022\/11\/1-150x150.jpg 150w\" sizes=\"auto, (max-width: 500px) 100vw, 500px\" \/>\t\t\t\t\t\t\t\t\t\t\t\t\t\t\t<\/div>\n\t\t\t\t<\/div>\n\t\t\t\t<div class=\"elementor-element elementor-element-57cb132 elementor-widget elementor-widget-heading\" data-id=\"57cb132\" data-element_type=\"widget\" data-widget_type=\"heading.default\">\n\t\t\t\t<div class=\"elementor-widget-container\">\n\t\t\t<h2 class=\"elementor-heading-title elementor-size-default\">S\u00fcspansiyon PVC<\/h2>\t\t<\/div>\n\t\t\t\t<\/div>\n\t\t\t\t\t<\/div>\n\t\t<\/div>\n\t\t\t\t<div class=\"elementor-column elementor-col-25 elementor-top-column elementor-element elementor-element-01f8042\" data-id=\"01f8042\" data-element_type=\"column\">\n\t\t\t<div class=\"elementor-widget-wrap elementor-element-populated\">\n\t\t\t\t\t\t\t\t<div class=\"elementor-element elementor-element-361c6cb elementor-widget elementor-widget-image\" data-id=\"361c6cb\" data-element_type=\"widget\" data-widget_type=\"image.default\">\n\t\t\t\t<div class=\"elementor-widget-container\">\n\t\t\t\t\t\t\t\t\t\t\t\t\t\t\t<img loading=\"lazy\" decoding=\"async\" width=\"500\" height=\"500\" src=\"https:\/\/www.goliteks.com\/wp-content\/uploads\/2022\/11\/1-1.jpg\" class=\"attachment-large size-large\" alt=\"\" srcset=\"https:\/\/www.goliteks.com\/wp-content\/uploads\/2022\/11\/1-1.jpg 500w, https:\/\/www.goliteks.com\/wp-content\/uploads\/2022\/11\/1-1-300x300.jpg 300w, https:\/\/www.goliteks.com\/wp-content\/uploads\/2022\/11\/1-1-150x150.jpg 150w\" sizes=\"auto, (max-width: 500px) 100vw, 500px\" \/>\t\t\t\t\t\t\t\t\t\t\t\t\t\t\t<\/div>\n\t\t\t\t<\/div>\n\t\t\t\t<div class=\"elementor-element elementor-element-5c04764 elementor-widget elementor-widget-heading\" data-id=\"5c04764\" data-element_type=\"widget\" data-widget_type=\"heading.default\">\n\t\t\t\t<div class=\"elementor-widget-container\">\n\t\t\t<h2 class=\"elementor-heading-title elementor-size-default\">Em\u00fclsiyon PVC<\/h2>\t\t<\/div>\n\t\t\t\t<\/div>\n\t\t\t\t\t<\/div>\n\t\t<\/div>\n\t\t\t\t<div class=\"elementor-column elementor-col-25 elementor-top-column elementor-element elementor-element-73489e7\" data-id=\"73489e7\" data-element_type=\"column\">\n\t\t\t<div class=\"elementor-widget-wrap elementor-element-populated\">\n\t\t\t\t\t\t\t\t<div class=\"elementor-element elementor-element-e532034 elementor-widget elementor-widget-image\" data-id=\"e532034\" data-element_type=\"widget\" data-widget_type=\"image.default\">\n\t\t\t\t<div class=\"elementor-widget-container\">\n\t\t\t\t\t\t\t\t\t\t\t\t\t\t\t<img loading=\"lazy\" decoding=\"async\" width=\"500\" height=\"500\" src=\"https:\/\/www.goliteks.com\/wp-content\/uploads\/2022\/11\/1-2.jpg\" class=\"attachment-large size-large\" alt=\"\" srcset=\"https:\/\/www.goliteks.com\/wp-content\/uploads\/2022\/11\/1-2.jpg 500w, https:\/\/www.goliteks.com\/wp-content\/uploads\/2022\/11\/1-2-300x300.jpg 300w, https:\/\/www.goliteks.com\/wp-content\/uploads\/2022\/11\/1-2-150x150.jpg 150w\" sizes=\"auto, (max-width: 500px) 100vw, 500px\" \/>\t\t\t\t\t\t\t\t\t\t\t\t\t\t\t<\/div>\n\t\t\t\t<\/div>\n\t\t\t\t<div class=\"elementor-element elementor-element-0b60e7a elementor-widget elementor-widget-heading\" data-id=\"0b60e7a\" data-element_type=\"widget\" data-widget_type=\"heading.default\">\n\t\t\t\t<div class=\"elementor-widget-container\">\n\t\t\t<h2 class=\"elementor-heading-title elementor-size-default\">Polipropilen PP<\/h2>\t\t<\/div>\n\t\t\t\t<\/div>\n\t\t\t\t\t<\/div>\n\t\t<\/div>\n\t\t\t\t<div class=\"elementor-column elementor-col-25 elementor-top-column elementor-element elementor-element-da6a2c9\" data-id=\"da6a2c9\" data-element_type=\"column\">\n\t\t\t<div class=\"elementor-widget-wrap elementor-element-populated\">\n\t\t\t\t\t\t\t\t<div class=\"elementor-element elementor-element-ddb05e9 elementor-widget elementor-widget-image\" data-id=\"ddb05e9\" data-element_type=\"widget\" data-widget_type=\"image.default\">\n\t\t\t\t<div class=\"elementor-widget-container\">\n\t\t\t\t\t\t\t\t\t\t\t\t\t\t\t<img loading=\"lazy\" decoding=\"async\" width=\"500\" height=\"500\" src=\"https:\/\/www.goliteks.com\/wp-content\/uploads\/2022\/11\/1-3.jpg\" class=\"attachment-large size-large\" alt=\"\" srcset=\"https:\/\/www.goliteks.com\/wp-content\/uploads\/2022\/11\/1-3.jpg 500w, https:\/\/www.goliteks.com\/wp-content\/uploads\/2022\/11\/1-3-300x300.jpg 300w, https:\/\/www.goliteks.com\/wp-content\/uploads\/2022\/11\/1-3-150x150.jpg 150w\" sizes=\"auto, (max-width: 500px) 100vw, 500px\" \/>\t\t\t\t\t\t\t\t\t\t\t\t\t\t\t<\/div>\n\t\t\t\t<\/div>\n\t\t\t\t<div class=\"elementor-element elementor-element-7b9738a elementor-widget elementor-widget-heading\" data-id=\"7b9738a\" data-element_type=\"widget\" data-widget_type=\"heading.default\">\n\t\t\t\t<div class=\"elementor-widget-container\">\n\t\t\t<h2 class=\"elementor-heading-title elementor-size-default\">Polietilen<\/h2>\t\t<\/div>\n\t\t\t\t<\/div>\n\t\t\t\t\t<\/div>\n\t\t<\/div>\n\t\t\t\t\t\t\t<\/div>\n\t\t<\/section>\n\t\t\t\t<section class=\"elementor-section elementor-top-section elementor-element elementor-element-fa51ceb elementor-section-stretched elementor-section-boxed elementor-section-height-default elementor-section-height-default\" data-id=\"fa51ceb\" data-element_type=\"section\" data-settings=\"{&quot;stretch_section&quot;:&quot;section-stretched&quot;,&quot;background_background&quot;:&quot;classic&quot;}\">\n\t\t\t\t\t\t<div class=\"elementor-container elementor-column-gap-default\">\n\t\t\t\t\t<div class=\"elementor-column elementor-col-100 elementor-top-column elementor-element elementor-element-2890b6d\" data-id=\"2890b6d\" data-element_type=\"column\">\n\t\t\t<div class=\"elementor-widget-wrap elementor-element-populated\">\n\t\t\t\t\t\t\t\t<div class=\"elementor-element elementor-element-b652cd3 elementor-widget elementor-widget-spacer\" data-id=\"b652cd3\" data-element_type=\"widget\" data-widget_type=\"spacer.default\">\n\t\t\t\t<div class=\"elementor-widget-container\">\n\t\t\t\t\t<div class=\"elementor-spacer\">\n\t\t\t<div class=\"elementor-spacer-inner\"><\/div>\n\t\t<\/div>\n\t\t\t\t<\/div>\n\t\t\t\t<\/div>\n\t\t\t\t\t<\/div>\n\t\t<\/div>\n\t\t\t\t\t\t\t<\/div>\n\t\t<\/section>\n\t\t\t\t\t\t<\/div>\n\t\t\t\t\t<\/div>\n\t\t","protected":false},"excerpt":{"rendered":"<p>Kau\u00e7uk Accelerator ( Kau\u00e7uk H\u0131zland\u0131r\u0131c\u0131 ve Pi\u015firiciler ) Kau\u00e7uk hamur \u00fcretiminde hamurun tam zaman\u0131nda k\u0131vam almas\u0131n\u0131 ve \u00fcretimde fireyi \u00f6nleyici kaliteli \u00fcr\u00fcnlerimizle kau\u00e7uk sekt\u00f6r\u00fcnde hizmet vermekteyiz. Sipari\u015f ver Di\u011fer \u00dcr\u00fcnler S\u00fcspansiyon PVC Em\u00fclsiyon PVC Polipropilen PP Polietilen<\/p>\n","protected":false},"author":1,"featured_media":0,"parent":0,"menu_order":0,"comment_status":"closed","ping_status":"closed","template":"","meta":{"footnotes":""},"class_list":["post-2389","page","type-page","status-publish","hentry","entry"],"yoast_head":"<!-- This site is optimized with the Yoast SEO plugin v16.8 - https:\/\/yoast.com\/wordpress\/plugins\/seo\/ -->\n<title>Kau\u00e7uk Accelerator ( Kau\u00e7uk H\u0131zland\u0131r\u0131c\u0131 ve Pi\u015firiciler ) - Goliteks<\/title>\n<meta name=\"robots\" content=\"index, follow, max-snippet:-1, max-image-preview:large, max-video-preview:-1\" \/>\n<link rel=\"canonical\" href=\"http:\/\/www.goliteks.com\/index.php\/kaucuk-accelerator-kaucuk-hizlandirici-ve-pisiriciler\/\" \/>\n<meta property=\"og:locale\" content=\"tr_TR\" \/>\n<meta property=\"og:type\" content=\"article\" \/>\n<meta property=\"og:title\" content=\"Kau\u00e7uk Accelerator ( Kau\u00e7uk H\u0131zland\u0131r\u0131c\u0131 ve Pi\u015firiciler ) - Goliteks\" \/>\n<meta property=\"og:description\" content=\"Kau\u00e7uk Accelerator ( Kau\u00e7uk H\u0131zland\u0131r\u0131c\u0131 ve Pi\u015firiciler ) Kau\u00e7uk hamur \u00fcretiminde hamurun tam zaman\u0131nda k\u0131vam almas\u0131n\u0131 ve \u00fcretimde fireyi \u00f6nleyici kaliteli \u00fcr\u00fcnlerimizle kau\u00e7uk sekt\u00f6r\u00fcnde hizmet vermekteyiz. Sipari\u015f ver Di\u011fer \u00dcr\u00fcnler S\u00fcspansiyon PVC Em\u00fclsiyon PVC Polipropilen PP Polietilen\" \/>\n<meta property=\"og:url\" content=\"http:\/\/www.goliteks.com\/index.php\/kaucuk-accelerator-kaucuk-hizlandirici-ve-pisiriciler\/\" \/>\n<meta property=\"og:site_name\" content=\"Goliteks\" \/>\n<meta property=\"article:modified_time\" content=\"2022-12-06T11:54:30+00:00\" \/>\n<meta property=\"og:image\" content=\"http:\/\/www.goli.yapimasamasi.site\/yeni\/wp-content\/uploads\/2022\/11\/1-13.jpg\" \/>\n<meta name=\"twitter:card\" content=\"summary_large_image\" \/>\n<meta name=\"twitter:label1\" content=\"Tahmini okuma s\u00fcresi\" \/>\n\t<meta name=\"twitter:data1\" content=\"2 dakika\" \/>\n<script type=\"application\/ld+json\" class=\"yoast-schema-graph\">{\"@context\":\"https:\/\/schema.org\",\"@graph\":[{\"@type\":\"WebSite\",\"@id\":\"http:\/\/www.goliteks.com\/#website\",\"url\":\"http:\/\/www.goliteks.com\/\",\"name\":\"Goliteks\",\"description\":\"Goliteks\",\"potentialAction\":[{\"@type\":\"SearchAction\",\"target\":{\"@type\":\"EntryPoint\",\"urlTemplate\":\"http:\/\/www.goliteks.com\/?s={search_term_string}\"},\"query-input\":\"required name=search_term_string\"}],\"inLanguage\":\"tr\"},{\"@type\":\"ImageObject\",\"@id\":\"http:\/\/www.goliteks.com\/index.php\/kaucuk-accelerator-kaucuk-hizlandirici-ve-pisiriciler\/#primaryimage\",\"inLanguage\":\"tr\",\"url\":\"http:\/\/www.goli.yapimasamasi.site\/yeni\/wp-content\/uploads\/2022\/11\/1-13.jpg\",\"contentUrl\":\"http:\/\/www.goli.yapimasamasi.site\/yeni\/wp-content\/uploads\/2022\/11\/1-13.jpg\"},{\"@type\":\"WebPage\",\"@id\":\"http:\/\/www.goliteks.com\/index.php\/kaucuk-accelerator-kaucuk-hizlandirici-ve-pisiriciler\/#webpage\",\"url\":\"http:\/\/www.goliteks.com\/index.php\/kaucuk-accelerator-kaucuk-hizlandirici-ve-pisiriciler\/\",\"name\":\"Kau\\u00e7uk Accelerator ( Kau\\u00e7uk H\\u0131zland\\u0131r\\u0131c\\u0131 ve Pi\\u015firiciler ) - Goliteks\",\"isPartOf\":{\"@id\":\"http:\/\/www.goliteks.com\/#website\"},\"primaryImageOfPage\":{\"@id\":\"http:\/\/www.goliteks.com\/index.php\/kaucuk-accelerator-kaucuk-hizlandirici-ve-pisiriciler\/#primaryimage\"},\"datePublished\":\"2022-11-29T20:31:30+00:00\",\"dateModified\":\"2022-12-06T11:54:30+00:00\",\"breadcrumb\":{\"@id\":\"http:\/\/www.goliteks.com\/index.php\/kaucuk-accelerator-kaucuk-hizlandirici-ve-pisiriciler\/#breadcrumb\"},\"inLanguage\":\"tr\",\"potentialAction\":[{\"@type\":\"ReadAction\",\"target\":[\"http:\/\/www.goliteks.com\/index.php\/kaucuk-accelerator-kaucuk-hizlandirici-ve-pisiriciler\/\"]}]},{\"@type\":\"BreadcrumbList\",\"@id\":\"http:\/\/www.goliteks.com\/index.php\/kaucuk-accelerator-kaucuk-hizlandirici-ve-pisiriciler\/#breadcrumb\",\"itemListElement\":[{\"@type\":\"ListItem\",\"position\":1,\"name\":\"Anasayfa\",\"item\":\"http:\/\/www.goliteks.com\/\"},{\"@type\":\"ListItem\",\"position\":2,\"name\":\"Kau\\u00e7uk Accelerator ( Kau\\u00e7uk H\\u0131zland\\u0131r\\u0131c\\u0131 ve Pi\\u015firiciler )\"}]}]}<\/script>\n<!-- \/ Yoast SEO plugin. -->","yoast_head_json":{"title":"Kau\u00e7uk Accelerator ( Kau\u00e7uk H\u0131zland\u0131r\u0131c\u0131 ve Pi\u015firiciler ) - Goliteks","robots":{"index":"index","follow":"follow","max-snippet":"max-snippet:-1","max-image-preview":"max-image-preview:large","max-video-preview":"max-video-preview:-1"},"canonical":"http:\/\/www.goliteks.com\/index.php\/kaucuk-accelerator-kaucuk-hizlandirici-ve-pisiriciler\/","og_locale":"tr_TR","og_type":"article","og_title":"Kau\u00e7uk Accelerator ( Kau\u00e7uk H\u0131zland\u0131r\u0131c\u0131 ve Pi\u015firiciler ) - Goliteks","og_description":"Kau\u00e7uk Accelerator ( Kau\u00e7uk H\u0131zland\u0131r\u0131c\u0131 ve Pi\u015firiciler ) Kau\u00e7uk hamur \u00fcretiminde hamurun tam zaman\u0131nda k\u0131vam almas\u0131n\u0131 ve \u00fcretimde fireyi \u00f6nleyici kaliteli \u00fcr\u00fcnlerimizle kau\u00e7uk sekt\u00f6r\u00fcnde hizmet vermekteyiz. Sipari\u015f ver Di\u011fer \u00dcr\u00fcnler S\u00fcspansiyon PVC Em\u00fclsiyon PVC Polipropilen PP Polietilen","og_url":"http:\/\/www.goliteks.com\/index.php\/kaucuk-accelerator-kaucuk-hizlandirici-ve-pisiriciler\/","og_site_name":"Goliteks","article_modified_time":"2022-12-06T11:54:30+00:00","og_image":[{"url":"http:\/\/www.goli.yapimasamasi.site\/yeni\/wp-content\/uploads\/2022\/11\/1-13.jpg"}],"twitter_card":"summary_large_image","twitter_misc":{"Tahmini okuma s\u00fcresi":"2 dakika"},"schema":{"@context":"https:\/\/schema.org","@graph":[{"@type":"WebSite","@id":"http:\/\/www.goliteks.com\/#website","url":"http:\/\/www.goliteks.com\/","name":"Goliteks","description":"Goliteks","potentialAction":[{"@type":"SearchAction","target":{"@type":"EntryPoint","urlTemplate":"http:\/\/www.goliteks.com\/?s={search_term_string}"},"query-input":"required name=search_term_string"}],"inLanguage":"tr"},{"@type":"ImageObject","@id":"http:\/\/www.goliteks.com\/index.php\/kaucuk-accelerator-kaucuk-hizlandirici-ve-pisiriciler\/#primaryimage","inLanguage":"tr","url":"http:\/\/www.goli.yapimasamasi.site\/yeni\/wp-content\/uploads\/2022\/11\/1-13.jpg","contentUrl":"http:\/\/www.goli.yapimasamasi.site\/yeni\/wp-content\/uploads\/2022\/11\/1-13.jpg"},{"@type":"WebPage","@id":"http:\/\/www.goliteks.com\/index.php\/kaucuk-accelerator-kaucuk-hizlandirici-ve-pisiriciler\/#webpage","url":"http:\/\/www.goliteks.com\/index.php\/kaucuk-accelerator-kaucuk-hizlandirici-ve-pisiriciler\/","name":"Kau\u00e7uk Accelerator ( Kau\u00e7uk H\u0131zland\u0131r\u0131c\u0131 ve Pi\u015firiciler ) - Goliteks","isPartOf":{"@id":"http:\/\/www.goliteks.com\/#website"},"primaryImageOfPage":{"@id":"http:\/\/www.goliteks.com\/index.php\/kaucuk-accelerator-kaucuk-hizlandirici-ve-pisiriciler\/#primaryimage"},"datePublished":"2022-11-29T20:31:30+00:00","dateModified":"2022-12-06T11:54:30+00:00","breadcrumb":{"@id":"http:\/\/www.goliteks.com\/index.php\/kaucuk-accelerator-kaucuk-hizlandirici-ve-pisiriciler\/#breadcrumb"},"inLanguage":"tr","potentialAction":[{"@type":"ReadAction","target":["http:\/\/www.goliteks.com\/index.php\/kaucuk-accelerator-kaucuk-hizlandirici-ve-pisiriciler\/"]}]},{"@type":"BreadcrumbList","@id":"http:\/\/www.goliteks.com\/index.php\/kaucuk-accelerator-kaucuk-hizlandirici-ve-pisiriciler\/#breadcrumb","itemListElement":[{"@type":"ListItem","position":1,"name":"Anasayfa","item":"http:\/\/www.goliteks.com\/"},{"@type":"ListItem","position":2,"name":"Kau\u00e7uk Accelerator ( Kau\u00e7uk H\u0131zland\u0131r\u0131c\u0131 ve Pi\u015firiciler )"}]}]}},"_links":{"self":[{"href":"https:\/\/www.goliteks.com\/index.php\/wp-json\/wp\/v2\/pages\/2389","targetHints":{"allow":["GET"]}}],"collection":[{"href":"https:\/\/www.goliteks.com\/index.php\/wp-json\/wp\/v2\/pages"}],"about":[{"href":"https:\/\/www.goliteks.com\/index.php\/wp-json\/wp\/v2\/types\/page"}],"author":[{"embeddable":true,"href":"https:\/\/www.goliteks.com\/index.php\/wp-json\/wp\/v2\/users\/1"}],"replies":[{"embeddable":true,"href":"https:\/\/www.goliteks.com\/index.php\/wp-json\/wp\/v2\/comments?post=2389"}],"version-history":[{"count":10,"href":"https:\/\/www.goliteks.com\/index.php\/wp-json\/wp\/v2\/pages\/2389\/revisions"}],"predecessor-version":[{"id":2794,"href":"https:\/\/www.goliteks.com\/index.php\/wp-json\/wp\/v2\/pages\/2389\/revisions\/2794"}],"wp:attachment":[{"href":"https:\/\/www.goliteks.com\/index.php\/wp-json\/wp\/v2\/media?parent=2389"}],"curies":[{"name":"wp","href":"https:\/\/api.w.org\/{rel}","templated":true}]}}